 Let k be w(3). What is the highest common factor of k and v?
15
Let z = 31 + 123. Calculate the greatest common divisor of z and 14.
14
Let w = -4 + 4. Suppose -c + w = -1, 2*c = 3*i + 8. Let s be (1 + 12)/((-2)/i). Calculate the greatest common divisor of 13 and s.
13
Let o = 59 + -97. Let j = 56 + o. What is the greatest common factor of 90 and j?
18
Suppose 3*n + 4*d = 50, 3*n - 34 = 2*n + 3*d. Let j = -12 - -14. What is the highest common divisor of j and n?
2
Let v(o) = 4 + 3*o**2 + 16*o**2 - 12*o**2 + o**3 - 2*o**3 + 2*o. Let t be v(7). Calculate the highest common divisor of t and 18.
18
Let o be ((-3)/2)/(6/(-32)). Let x be 2/(-1 + -1) - -3. Suppose -4*t - 4 = x*m + m, -t = -2*m - 10. What is the highest common divisor of o and t?
2
Suppose 180 = -0*b + 3*b. Suppose 4*n + b = 4*p, 3 + 0 = 3*n. What is the highest common divisor of 112 and p?
16
Let j = -1 - -4. Suppose j*u - 4*k - 55 = 0, 2*k + 68 = 4*u - 2*k. Let t be (2 - 2) + 156/2. What is the highest common divisor of u and t?
13
Let d be 0 + (-2)/4*0. Suppose d = -o - 18 + 117. Suppose 35 = 4*k - 2*x + 5, -3*k + 21 = -2*x. What is the greatest common divisor of k and o?
9
Let d(k) = 20*k - 27. Let y(u) = -13*u + 18. Let o be (2/2)/(1/(-5)). Let s(w) = o*d(w) - 8*y(w). Let m be s(6). What is the highest common divisor of 45 and m?
15
Let c be (8 - (6 - -3))*-2*12. Calculate the highest common divisor of c and 72.
24
Let i be ((-78)/(-4))/(3/8). Let o(r) = 4*r**3 + r**2 - r. Let b be o(1). Let w = b + i. Calculate the greatest common factor of w and 8.
8
Suppose -6*d + 49 = -53. What is the highest common factor of d and 85?
17
Let k(q) = -q**2 + 12*q - 10. Let x be k(10). What is the highest common divisor of x and 10?
10
Suppose 2*l = -0*l + 6. What is the greatest common divisor of l and 3?
3
Suppose 0 = 7*f + 49 - 105. Calculate the highest common factor of f and 40.
8
Let t be 553/14 + 2/(-8)*2. Calculate the highest common divisor of 13 and t.
13
Let a be (6 + -5)*(-4 - -1). Let d be (100/3)/((-2)/a). What is the highest common divisor of 10 and d?
10
Suppose 0 = -7*n + 4*n + 9. Let f(z) = 2 + 3*z**2 + 4 - 3. Let i be f(n). What is the greatest common divisor of i and 6?
6
Suppose o + 40 = 3*o. Suppose -3*p - 6 - 3 = 0. Let m be -2*p/(-12)*-10. Calculate the highest common factor of o and m.
5
Let s(y) = 3*y - 2. Let v be -1 + 2 + (-9)/(-3). Let b be s(v). Let a(m) = -13*m + 1. Let o be a(-3). What is the greatest common factor of o and b?
10
Let x(k) = 7*k**2 + 0 - 5*k**2 + 2*k - 3 - k. Let b be x(-3). Suppose -6*a + b = -2*a. What is the highest common factor of 2 and a?
1
Let x(g) = 5 - 3 - g**3 - 2 + 4*g. Let w be x(-4). What is the highest common divisor of w and 16?
16
Let y be (3 + (1 - 1))/((-27)/(-288)). What is the highest common divisor of 96 and y?
32
Let l = -2 - -4. Suppose -l*v - v = -12. Calculate the highest common divisor of v and 4.
4
Suppose -15 = -2*r + 1. Let a(w) = 4*w - 4. Let f be a(3). Calculate the highest common factor of f and r.
8
Suppose -11*q - 5*q + 2112 = 0. Calculate the highest common divisor of 12 and q.
12
Suppose 30*y = 33*y - 24. Let u be 2/8 - 3/12. Suppose -2*l - 8 + 40 = u. Calculate the highest common factor of y and l.
8
Let c(u) = -u**2 + 19*u + 10. Let f be c(19). Calculate the greatest common divisor of 10 and f.
10
Suppose 78 - 10 = 4*k. What is the highest common divisor of k and 136?
17
Suppose 5*z = 2*g - 7*g + 505, -5*g + 513 = 3*z. Suppose g = 5*o - 345. What is the highest common factor of o and 10?
10
Let v(t) = -t - 4. Let q be v(-12). What is the highest common factor of q and 56?
8
Let o = -75 + 129. Calculate the greatest common divisor of o and 90.
18
Let c(r) = r**2 - 11*r + 13. Let v be c(9). Let o = -4 - v. Suppose -4*p - 5*w - o = 0, 0*w - w = 5. Calculate the greatest common factor of 6 and p.
6
Let h(f) = f**3 + 5*f**2 - 5. Let u be h(-4). Suppose 0 = -4*a - 5*z, -z = -a - 0*a. Suppose -u = -l - a*l. Calculate the greatest common factor of l and 1.
1
Let b = 2 - -1. What is the greatest common divisor of b and 6?
3
Suppose 0*k - k = -2*x + 52, -2*k = -2*x + 48. Calculate the highest common divisor of x and 7.
7
Let d(s) = 3*s**2 - 7*s + 11. Let k be d(-6). Suppose -3*r - 23 = -2. Let x be (-163)/r - 4/14. What is the highest common divisor of x and k?
23
Suppose 2*p + 5*q + 0*q - 18 = 0, -9 = -p + 4*q. Let v = p + -1. Let l be (24 - (-4)/(-2)) + 2. Calculate the highest common divisor of l and v.
8
Let i = -10 - -10. Suppose -4*w - 4*z + 1116 = i, -4*w + 646 + 442 = -3*z. Calculate the highest common factor of 25 and w.
25
Suppose -4*l + 9*l = 240. Let c(p) = 15*p + 25*p + 2 + l*p - 19*p. Let u be c(2). What is the highest common divisor of 20 and u?
20
Let g(u) = 128*u + 6. Let q be g(3). Suppose 0 = -4*h + q + 186. Calculate the greatest common factor of 16 and h.
16
Let v = -21 - -231. Let k be v/(-25)*(-15)/6. Calculate the greatest common divisor of k and 147.
21
Let y be -1*2/(8/(-92)). What is the greatest common divisor of 115 and y?
23
Let w(y) = 10*y + 1. Let b be w(3). What is the highest common factor of 31 and b?
31
Let k be 4/(-10) + (-3620)/(-50). Let x be ((-7)/((-7)/k))/1. What is the highest common factor of 8 and x?
8
Let u(a) = -a**2 + 14*a - 19. Let o be u(11). What is the greatest common divisor of o and 35?
7
Suppose 0 = 5*a - a - 32. Let p(k) be the second derivative of 19*k**4/12 - k**3/2 + k**2 + k. Let t be p(2). What is the highest common factor of a and t?
8
Let t be ((-1)/3)/((-4)/36). Let b(q) = -q**3 - 7*q**2 - 6*q + 1. Let k be b(-6). Calculate the greatest common divisor of k and t.
1
Let k be 35/10 - ((-2)/(-4) - 1). Suppose -14 = -r + 11. Suppose 0 = -2*h + 113 - r. Calculate the greatest common factor of h and k.
4
Let o = -3 - -9. Suppose -440 = q - o*q. Calculate the greatest common divisor of q and 11.
11
Let v be 1 - ((-18)/22 - (-4)/(-22)). What is the greatest common factor of 10 and v?
2
Suppose -5*n = -2*t - t - 11, n = -5*t + 19. Suppose 0 = -2*x - u + 6*u + 37, t*x = 3*u + 42. Calculate the highest common divisor of x and 33.
11
Let k(c) = c**2 - 6*c + 13. Let y be k(11). Calculate the highest common factor of y and 8.
4
Suppose -4*j + 16 = 2*g - 54, 5*j - g - 105 = 0. Suppose 0 = -2*p - 3*n + 51, 5*p + 0*p + 5*n = 135. Calculate the greatest common factor of p and j.
10
Suppose 2*h - 50 = 4*z, -4*h - 2*z + 56 = 6. Let x be (-2)/11 + 40/(-22). Let i be x*(-29 + (1 - 2)). What is the highest common divisor of i and h?
15
Let o = -2 + 18. Let m = -144 - -152. What is the greatest common divisor of m and o?
8
Suppose -g = -0*g - 2, -4*g = -5*b + 7. Suppose b*s + 4*m = 40, -s = -3*m - 2*m + 12. What is the highest common factor of 32 and s?
8
Let i be 576/27 + 5/3. What is the greatest common divisor of i and 115?
23
Suppose -3*v + 4*v = -5*h + 67, -h + 5 = -4*v. What is the greatest common divisor of 117 and h?
13
Let c be (175/(-14))/(1/(-6)). Calculate the highest common divisor of 50 and c.
25
Suppose 0 = -4*c - 3*c + 420. Let f(p) = p**3 + 8*p**2 + 8*p - 4. Let z be f(-6). Calculate the greatest common factor of z and c.
20
Let l be (0 - 55)*(-28)/35. Calculate the highest common factor of l and 66.
22
Let i(l) = -10*l - 1. Let c be i(-4). Suppose -1 = -2*s + 5*z + 5, -z - 14 = -2*s. Let v = 34 - s. Calculate the greatest common factor of v and c.
13
Let b = 103 - 65. Suppose -b = -2*a - 16. Suppose 0 = -4*r + 5*n + 31 + 52, 2*r - 47 = -3*n. Calculate the greatest common divisor of r and a.
11
Suppose 5*r + y = -814, 0*y + 2*y = -2*r - 324. Let j = r + 241. Suppose 5*n - 159 = -m - 17, 3*m + j = 3*n. What is the highest common factor of 7 and n?
7
Suppose -y - 3*l = 2*y + 207, -2*y = -3*l + 138. Let r = 119 + y. Let p(t) = -5*t - 30. Let o be p(-10). Calculate the greatest common factor of r and o.
10
Suppose 0 = 5*k + 277 + 268. Let h = 57 + -106. Let g = h - k. What is the greatest common divisor of g and 12?
12
Suppose -36 = -3*r - 0*r. What is the greatest common factor of 60 and r?
12
Let v(w) = w**2 - 3*w + 1. Let p be v(5). Let y = -115 - -9. Let m = -18 - y. What is the greatest common factor of p and m?
11
Let l(x) = x**3 - x + 108. Let o be l(0). Calculate the highest common divisor of 12 and o.
12
Suppose 4*u - u + f + 8 = 0, 2*u + 11 = 5*f. Let 